{"id":16,"date":"2015-08-26T17:47:06","date_gmt":"2015-08-26T15:47:06","guid":{"rendered":"http:\/\/www.bdp.edu.pl\/?page_id=16"},"modified":"2025-10-10T07:46:46","modified_gmt":"2025-10-10T05:46:46","slug":"prelegenci","status":"publish","type":"page","link":"https:\/\/www.bdp.edu.pl\/?page_id=16","title":{"rendered":"Prelegenci"},"content":{"rendered":"<p>Prof. Dudek Dominika<\/p>\n<p>Prof.\u00a0 Izydorczyk Bernadetta<\/p>\n<p>Prof. Janas-Kozik Ma\u0142gorzata<\/p>\n<p>Prof.\u00a0 Korpa\u0142a -B\u0119tkowska Barbara<\/p>\n<p>Prof.\u00a0Karaku\u0142a-Juchnowicz Hanna<\/p>\n<p>Prof. S\u0142opie\u0144 Agnieszka<\/p>\n<p>Prof. Bie\u0144kowski Przemys\u0142aw<\/p>\n<p>Prof. Czernikiewicz Andrzej<\/p>\n<p>Prof. Chechotka\u00a0Bohdan<\/p>\n<p>Prof. Filts Aleksander<\/p>\n<p>Prof. Gabryelewicz Tomasz<\/p>\n<p>Prof. Heitzman Janusz<\/p>\n<p>Prof. Pietras Tadeusz,<\/p>\n<p>Prof. Siwek Marcin<\/p>\n<p>dr hab. n. med. Mosio\u0142ek Anna<\/p>\n<p>dr hab. n.med Grabski Bartosz<\/p>\n<p>dr hab.n.med. Juchnowicz Dariusz<\/p>\n<p>dr\u00a0hab. n.med.Murawiec S\u0142awomir<\/p>\n<p>dr hab. n. med. Opielak Grzegorz<\/p>\n<p>dr hab. n.med. Pacan\u00a0 Przemys\u0142aw\u00a0, prof. UR<\/p>\n<p>dr hab. n. med., prof. APS\u00a0 Sipowcz\u00a0\u00a0Kasper<\/p>\n<p>dr n.med. Lewandowska Aleksandra<\/p>\n<p>dr n. med. Jakima S\u0142awomir<\/p>\n<p>dr n. med. Kuligowski Maciej<\/p>\n<p>dr n. med. Szafra\u0144ski Tomasz<\/p>\n<p>Dr\u00a0 Bakun Olena<\/p>\n<p>Dr\u00a0 Cicho\u0144 Lena<\/p>\n<p>dr Grohol Miros\u0142aw<\/p>\n<p>dr\u00a0 Madejska-Soltani Alexandra<\/p>\n<p>dr Habrat Bogus\u0142aw<\/p>\n<p>dr Janczewski Janusz<\/p>\n<p>dr\u00a0 Michniak Sergiusz<\/p>\n<p>lek.med. Jurczakowski Konrad<\/p>\n<p>lek. med. Mosio\u0142ek Jadwiga<\/p>\n<p>mec. Wojtal Wojciech<\/p>\n<p>Mgr fizjoterapii\u00a0 Krasa Weronika<\/p>\n<p>mgr Nied\u017awiadek Sylwia<\/p>\n<p>mgr\u00a0Sienkiewicz Oliwia<\/p>\n<p>lic. Kuligowski Maciej jr<\/p>\n","protected":false},"excerpt":{"rendered":"<p>Prof. Dudek Dominika Prof.\u00a0 Izydorczyk Bernadetta Prof. Janas-Kozik Ma\u0142gorzata Prof.\u00a0 Korpa\u0142a -B\u0119tkowska Barbara Prof.\u00a0Karaku\u0142a-Juchnowicz Hanna Prof. S\u0142opie\u0144 Agnieszka Prof. Bie\u0144kowski Przemys\u0142aw Prof. Czernikiewicz Andrzej Prof. Chechotka\u00a0Bohdan Prof. Filts Aleksander Prof. Gabryelewicz Tomasz Prof. Heitzman Janusz Prof. Pietras Tadeusz, Prof. Siwek Marcin dr hab. n. med. Mosio\u0142ek Anna dr hab. n.med Grabski Bartosz dr hab.n.med. Juchnowicz [&hellip;]<\/p>\n","protected":false},"author":1,"featured_media":0,"parent":0,"menu_order":0,"comment_status":"closed","ping_status":"closed","template":"","meta":{"footnotes":""},"class_list":["post-16","page","type-page","status-publish","hentry"],"_links":{"self":[{"href":"https:\/\/www.bdp.edu.pl\/index.php?rest_route=\/wp\/v2\/pages\/16","targetHints":{"allow":["GET"]}}],"collection":[{"href":"https:\/\/www.bdp.edu.pl\/index.php?rest_route=\/wp\/v2\/pages"}],"about":[{"href":"https:\/\/www.bdp.edu.pl\/index.php?rest_route=\/wp\/v2\/types\/page"}],"author":[{"embeddable":true,"href":"https:\/\/www.bdp.edu.pl\/index.php?rest_route=\/wp\/v2\/users\/1"}],"replies":[{"embeddable":true,"href":"https:\/\/www.bdp.edu.pl\/index.php?rest_route=%2Fwp%2Fv2%2Fcomments&post=16"}],"version-history":[{"count":87,"href":"https:\/\/www.bdp.edu.pl\/index.php?rest_route=\/wp\/v2\/pages\/16\/revisions"}],"predecessor-version":[{"id":1444,"href":"https:\/\/www.bdp.edu.pl\/index.php?rest_route=\/wp\/v2\/pages\/16\/revisions\/1444"}],"wp:attachment":[{"href":"https:\/\/www.bdp.edu.pl\/index.php?rest_route=%2Fwp%2Fv2%2Fmedia&parent=16"}],"curies":[{"name":"wp","href":"https:\/\/api.w.org\/{rel}","templated":true}]}}